, 6173
Let x = -4205 - -5131. List the prime factors of x.
2, 463
Let b(v) = 11*v**3 - 6*v**2 + 6*v + 9. Let j = 41 + -37. List the prime factors of b(j).
641
Suppose -7*a + 3*a - 4*g = -2944, 3*a = 5*g + 2216. Let w = a - 265. What are the prime factors of w?
2, 59
Let d = 47 + -43. Suppose -d*o + 3*c + 3 = -62, 4*o - c = 75. Let w(j) = -j**2 + 18*j + 45. List the prime factors of w(o).
5
Let i be (-1 + 1)/((-4)/(-4)). What are the prime factors of (-70)/(-2 + (i - -5) + -5)?
5, 7
Let l be 1*(1 - 19 - 1). Let m = l + 11. What are the prime factors of m/((-32)/252) - 3?
2, 3, 5
Suppose -263*d = -332*d + 681720. What are the prime factors of d?
2, 5, 13, 19
Let l(n) = -n**3 - 24*n**2 - 26*n - 69. Let u be l(-23). Suppose 4*r = 4*m + 7*r - 1443, u = 3*m + 2*r - 1081. What are the prime factors of m?
3, 7, 17
Suppose -549297 = -44*b - 124961. What are the prime factors of b?
2, 2411
Let k(j) = 11*j - 20. Suppose -4*i - 15 = -7*i. Suppose 2*l = -b + 19, -b = l - 15 + i. List the prime factors of k(l).
79
Suppose 45*u = 3*p + 44*u - 291, -3*p + 2*u + 294 = 0. What are the prime factors of p?
2, 3
Let b(c) = 33*c + 13 + 2*c**2 - 2 - 23*c. Suppose -14 - 31 = 5*g. List the prime factors of b(g).
83
List the prime factors of (-174)/(8/(320/(-3))).
2, 5, 29
Let g(b) = 4*b**2 - 2*b + 2. Let d be g(3). Suppose -2*z = f - 19 - d, 3*z - 79 = f. Suppose -2*w = -0*w - z. What are the prime factors of w?
13
Suppose 3*a - 4*t = 59699, -37*t + 35 = -32*t. What are the prime factors of a?
43, 463
Let y(x) be the second derivative of 13*x**3/6 - 27*x**2/2 - 5*x. Let o be y(11). Let l = o - 2. What are the prime factors of l?
2, 3, 19
What are the prime factors of 5/(-3) + 266/57 - (2 + -62888)?
3, 20963
Suppose 2*j + 5*b - 578 - 1563 = 0, b + 4249 = 4*j. List the prime factors of j.
1063
Let f(u) = -3*u + 105. Let h be f(25). List the prime factors of (-17)/(-255) - (-36088)/h.
3, 401
List the prime factors of (78/8)/((18/(-416))/(-9)).
2, 3, 13
Let u(p) = 48*p**2 - 105*p + 12. What are the prime factors of u(13)?
3, 751
Let v(r) = 3*r**2 + 14*r + 21. Suppose 0 = 21*t - 31*t - 190. What are the prime factors of v(t)?
2, 419
Suppose 594 = 4*r + 14*r. What are the prime factors of 6/r - (-14078)/11?
2, 5
Let t be 344/(-6)*(2 + (-100)/8). Suppose -2*u + 1764 = -5*j, -2*u + j + 2366 = t. What are the prime factors of u?
2, 3, 7
Let w = 467 + -920. Let c = 11 - w. What are the prime factors of c?
2, 29
Let a be ((-20)/(-12))/((-1534)/(-219) + -7). What are the prime factors of (3 - 0) + 14 + a?
2, 191
Let n be 3/(-18) - 274/12. Let f = n - -27. Suppose -507 = -f*i - 39. What are the prime factors of i?
3, 13
Suppose u - w = 10901 + 3340, -5*u = -3*w - 71205. What are the prime factors of u?
3, 47, 101
Suppose 0 = 5*z - 3*z + 722. Let v = -89 - z. List the prime factors of v.
2, 17
Suppose 19*w - 130 = -16. Suppose w*q + 0*q = 2226. List the prime factors of q.
7, 53
Let x = 1444 + -2035. Let l = -14 - x. What are the prime factors of l?
577
Suppose -3*k + 183 + 285 = 0. Suppose -2094 = -6*r - k. List the prime factors of r.
17, 19
Let o = -519 + 1058. Let l = 640 - o. List the prime factors of l.
101
Let n(q) = q**3 - 136*q**2 - 108*q - 1293. What are the prime factors of n(140)?
61987
Let g be (0 - 1) + -18*(-10)/60. Suppose g*t + v - 1037 = 0, -14*t + 5*v = -13*t - 535. List the prime factors of t.
2, 5, 13
Suppose 4*z - s - 25 = 0, 5*z + 7*s = 2*s. Suppose z*f - 1114 = -3*y - 80, 6 = -3*y. What are the prime factors of f?
2, 13
Let o(w) = 4*w**3 + 5*w**2 - 3*w + 4. Let v be o(-4). Let t = -109 - v. List the prime factors of t.
3, 17
Let q(m) be the first derivative of 4*m**3 + 7*m**2/2 - 12*m - 1. Let l(z) = -z**2 - 8*z + 656. Let u be l(-30). List the prime factors of q(u).
2, 19
Suppose -2926*r = -2951*r + 1734350. What are the prime factors of r?
2, 34687
Let z be 5/2 + (-2)/4. Suppose 2*l + 280 + 530 = 5*g, 0 = -2*g + 3*l + 335. Suppose z*b = -3*b + g. List the prime factors of b.
2
Suppose -17*l + 7334 = 500. Suppose 3 = 2*r + 7, -4*r = 3*q - 640. Let u = l - q. List the prime factors of u.
2, 3, 31
Suppose -14*t - 56 = -22*t. Suppose t*i = -5*i + 5532. What are the prime factors of i?
461
Let n(b) = 3*b**2 - 16*b + 44. Let v(k) = 6*k + 58. Let x be v(-9). What are the prime factors of n(x)?
2, 7
Suppose -4*r = 12, -114*r + 113*r + 12693 = 4*n. What are the prime factors of n?
2, 3, 23
Let o = -55 - -79. Let i be (5 + (-6)/(-12))*(-8)/(-22). Suppose -2*r + r + o = -4*k, -i*k + 76 = 5*r. List the prime factors of r.
2
Let r(x) = 6*x**3 + 259*x**2 - 13*x + 167. What are the prime factors of r(-43)?
5, 103
Suppose 0 = y + u + 468, 2*u + 2 + 2 = 0. Let s = y - -755. Suppose a - s = -a + 3*b, -3*a = b - 406. What are the prime factors of a?
137
List the prime factors of ((-82665)/30)/((-39)/26).
11, 167
List the prime factors of 8/(-1)*(27 - 9135/18).
2, 31
Suppose -327*a + 8382 = 3*v - 324*a, 0 = 3*v + 5*a - 8372. What are the prime factors of v?
3, 311
Suppose -86*n - 6*n - 98*n = -11092200. What are the prime factors of n?
2, 3, 5, 7, 139
Suppose 67*m - 35*m + 48*m = 1508240. What are the prime factors of m?
17, 1109
Let h = 6143 + 1032. What are the prime factors of h?
5, 7, 41
Suppose 3*b = -2*m + 91110, 12*b - 13*b = -2*m - 30362. What are the prime factors of b?
2, 13, 73
Suppose 0 = -10*d + 26105 + 4915. Suppose 10 = 23*r - 18*r, 0 = -5*o - r + d. List the prime factors of o.
2, 5, 31
Let s = 5383 - 2301. List the prime factors of s.
2, 23, 67
Let m be 6*(32/6)/(-8) + -4. Let k(t) = -t**3 + 4*t**2 - 18*t - 117. What are the prime factors of k(m)?
3, 5, 53
Let i = -11 - -11. Suppose i = -21*v + 17*v + 16. Suppose -5*m - 4*u = -409, -2*u = -v*u + 2. List the prime factors of m.
3
Let n be (((-16)/(-6))/(6/(-18)))/(-2). Suppose -2*o = 8, a = n*a + 5*o - 1069. What are the prime factors of a?
3, 11
Let s(t) = 336*t**2 + 298*t - 2371. What are the prime factors of s(8)?
21517
Suppose -g + 5*y + 3645 = 795, 0 = 5*g - 5*y - 14190. List the prime factors of g.
3, 5, 7
Suppose 2318*l - 2227*l - 1285102 = 0. What are the prime factors of l?
2, 23, 307
Suppose -14*l + 248 = 290. Let v(k) = -k**3 + k**2 + 3*k - 3. Let o be v(-3). What are the prime factors of (-13)/((-234)/o) - 422/l?
2, 71
Let t = -9343 - -16857. List the prime factors of t.
2, 13, 17
Let r be 3/4 + (5 - (-11)/(-4)). Let z be (6/(-21)*r)/(2/(-7)). Suppose -4*v + 904 = d, 724 = z*v - 4*d + 65. What are the prime factors of v?
3, 5
Suppose 2*a + m = 13, -4*a + 3*m + 11 = -0*a. Let q = 21 - a. What are the prime factors of (-205)/2*q/(-20)?
2, 41
Let m(i) = 2*i**3 + 59*i**2 + 11*i + 36. List the prime factors of m(-16).
2, 1693
Let b be 5/(134/(-24) + 6). Suppose -14*h = -b*h - 1588. List the prime factors of h.
2, 397
Let j = 26214 - 25262. List the prime factors of j.
2, 7, 17
Suppose -5*p = 2*j + 65, -6*p + p = -4*j - 55. Let k be j/(-4) + 2/(-2). Suppose -2*m = -4*y - 96, m + k*y - 240 = -3*m. List the prime factors of m.
2, 7
Let d(s) be the first derivative of -s**4/4 - 7*s**3 - 3*s**2/2 + 5*s - 1. Let n be (-10)/(80/(-21))*-8. What are the prime factors of d(n)?
2, 17
Suppose 376 = -4*j + 2*j. Let g = 344 + j. Let d = g + -69. List the prime factors of d.
3, 29
List the prime factors of 1 + -12 - (-5076)/18.
271
Let n(d) = 4824*d**2 + 1031*d - 2057. List the prime factors of n(2).
19301
Let c = 3 + -3. Suppose -13*k + 9*k + 72 = c. Let q = k - -42. List the prime factors of q.
2, 3, 5
Suppose 10*n + 48 = 18. Let t(v) = 4*v + 16. Let o(x) = -9*x - 31. Let k(r) = 4*o(r) + 7*t(r). What are the prime factors of k(n)?
2, 3
Let t = 9704 - 7402. List the prime factors of t.
2, 1151
Let l(t) = -t**3 - 8*t**2 + 11*t + 12. Let z be l(-9). Let s be 18/6 - z/(-3). Suppose -8 = -2*m - 2*y, -3*m + 2*m + s = -2*y. What are the prime factors of m?
3
Let s = -176 - -176. List the prime factors of 972 + (-7 - 0) + s + 0.
5, 193
Suppose 0 = -2*q - 8, -5*x - 5*q - 40 = -10*x. Suppose -1621 = -2*z + 3*u, -6*z + 5*z - x*u + 805 = 0. List the prime factors of z.
809
What are the prime factors of 20 + 3 + -17 + (5 - -60810)?
60821
Let v = 1596 + -389. What are the prime factors of v?
17, 71
Let c(g) = 84*g**2 + 9*g**2 - 4*g + 14*g + 5 - 8*g. What are the prime factors of c(-2)?
373
List the prime factors of (-2)/(154